{"id":77684,"date":"2024-11-27T13:01:18","date_gmt":"2024-11-27T12:01:18","guid":{"rendered":"https:\/\/ulysseus.eu\/events\/atelier-dechange-sur-les-politiques-publiques-alimentaires-et-le-droit-a-lalimentation-en-afrique-en-amerique-latine-et-caraibes-et-en-europe-lexperience-des-observatoires-du-droit-a-lalime\/"},"modified":"2024-11-27T13:01:18","modified_gmt":"2024-11-27T12:01:18","slug":"atelier-dechange-sur-les-politiques-publiques-alimentaires-et-le-droit-a-lalimentation-en-afrique-en-amerique-latine-et-caraibes-et-en-europe-lexperience-des-observatoires-du-droit-a-lalime","status":"publish","type":"event","link":"https:\/\/ulysseus.eu\/fr\/events\/atelier-dechange-sur-les-politiques-publiques-alimentaires-et-le-droit-a-lalimentation-en-afrique-en-amerique-latine-et-caraibes-et-en-europe-lexperience-des-observatoires-du-droit-a-lalime\/","title":{"rendered":"Atelier d&rsquo;\u00e9change sur les politiques publiques alimentaires et le droit \u00e0 l&rsquo;alimentation en Afrique, en Am\u00e9rique latine et Cara\u00efbes et en Europe : l&rsquo;exp\u00e9rience des observatoires du droit \u00e0 l&rsquo;alimentation et leurs possibilit\u00e9s de transfert"},"content":{"rendered":"","protected":false},"featured_media":0,"template":"","event_planner":[242],"event_type":[436],"event_typology":[566],"class_list":["post-77684","event","type-event","status-publish","hentry"],"acf":[],"yoast_head":"<!-- This site is optimized with the Yoast SEO plugin v27.1.1 - https:\/\/yoast.com\/product\/yoast-seo-wordpress\/ -->\n<title>Atelier d&#039;\u00e9change sur les politiques publiques alimentaires et le droit \u00e0 l&#039;alimentation en Afrique, en Am\u00e9rique latine et Cara\u00efbes et en Europe : l&#039;exp\u00e9rience des observatoires du droit \u00e0 l&#039;alimentation et leurs possibilit\u00e9s de transfert - Ulysseus<\/title>\n<meta name=\"robots\" content=\"index, follow, max-snippet:-1, max-image-preview:large, max-video-preview:-1\" \/>\n<link rel=\"canonical\" href=\"https:\/\/ulysseus.eu\/fr\/events\/atelier-dechange-sur-les-politiques-publiques-alimentaires-et-le-droit-a-lalimentation-en-afrique-en-amerique-latine-et-caraibes-et-en-europe-lexperience-des-observatoires-du-droit-a-lalime\/\" \/>\n<meta property=\"og:locale\" content=\"fr_FR\" \/>\n<meta property=\"og:type\" content=\"article\" \/>\n<meta property=\"og:title\" content=\"Atelier d&#039;\u00e9change sur les politiques publiques alimentaires et le droit \u00e0 l&#039;alimentation en Afrique, en Am\u00e9rique latine et Cara\u00efbes et en Europe : l&#039;exp\u00e9rience des observatoires du droit \u00e0 l&#039;alimentation et leurs possibilit\u00e9s de transfert - Ulysseus\" \/>\n<meta property=\"og:url\" content=\"https:\/\/ulysseus.eu\/fr\/events\/atelier-dechange-sur-les-politiques-publiques-alimentaires-et-le-droit-a-lalimentation-en-afrique-en-amerique-latine-et-caraibes-et-en-europe-lexperience-des-observatoires-du-droit-a-lalime\/\" \/>\n<meta property=\"og:site_name\" content=\"Ulysseus\" \/>\n<meta name=\"twitter:card\" content=\"summary_large_image\" \/>\n<script type=\"application\/ld+json\" class=\"yoast-schema-graph\">{\"@context\":\"https:\/\/schema.org\",\"@graph\":[{\"@type\":\"WebPage\",\"@id\":\"https:\/\/ulysseus.eu\/fr\/events\/atelier-dechange-sur-les-politiques-publiques-alimentaires-et-le-droit-a-lalimentation-en-afrique-en-amerique-latine-et-caraibes-et-en-europe-lexperience-des-observatoires-du-droit-a-lalime\/\",\"url\":\"https:\/\/ulysseus.eu\/fr\/events\/atelier-dechange-sur-les-politiques-publiques-alimentaires-et-le-droit-a-lalimentation-en-afrique-en-amerique-latine-et-caraibes-et-en-europe-lexperience-des-observatoires-du-droit-a-lalime\/\",\"name\":\"Atelier d'\u00e9change sur les politiques publiques alimentaires et le droit \u00e0 l'alimentation en Afrique, en Am\u00e9rique latine et Cara\u00efbes et en Europe : l'exp\u00e9rience des observatoires du droit \u00e0 l'alimentation et leurs possibilit\u00e9s de transfert - Ulysseus\",\"isPartOf\":{\"@id\":\"https:\/\/ulysseus.eu\/fr\/#website\"},\"datePublished\":\"2024-11-27T12:01:18+00:00\",\"inLanguage\":\"fr-FR\",\"potentialAction\":[{\"@type\":\"ReadAction\",\"target\":[\"https:\/\/ulysseus.eu\/fr\/events\/atelier-dechange-sur-les-politiques-publiques-alimentaires-et-le-droit-a-lalimentation-en-afrique-en-amerique-latine-et-caraibes-et-en-europe-lexperience-des-observatoires-du-droit-a-lalime\/\"]}]},{\"@type\":\"WebSite\",\"@id\":\"https:\/\/ulysseus.eu\/fr\/#website\",\"url\":\"https:\/\/ulysseus.eu\/fr\/\",\"name\":\"Ulysseus\",\"description\":\"European University\",\"publisher\":{\"@id\":\"https:\/\/ulysseus.eu\/fr\/#organization\"},\"potentialAction\":[{\"@type\":\"SearchAction\",\"target\":{\"@type\":\"EntryPoint\",\"urlTemplate\":\"https:\/\/ulysseus.eu\/fr\/?s={search_term_string}\"},\"query-input\":{\"@type\":\"PropertyValueSpecification\",\"valueRequired\":true,\"valueName\":\"search_term_string\"}}],\"inLanguage\":\"fr-FR\"},{\"@type\":\"Organization\",\"@id\":\"https:\/\/ulysseus.eu\/fr\/#organization\",\"name\":\"Ulysseus\",\"alternateName\":\"European University\",\"url\":\"https:\/\/ulysseus.eu\/fr\/\",\"logo\":{\"@type\":\"ImageObject\",\"inLanguage\":\"fr-FR\",\"@id\":\"https:\/\/ulysseus.eu\/fr\/#\/schema\/logo\/image\/\",\"url\":\"https:\/\/ulysseus.eu\/wp-content\/uploads\/2022\/02\/Ulysseus-Logo-01-MainVersion-2.png\",\"contentUrl\":\"https:\/\/ulysseus.eu\/wp-content\/uploads\/2022\/02\/Ulysseus-Logo-01-MainVersion-2.png\",\"width\":3508,\"height\":2481,\"caption\":\"Ulysseus\"},\"image\":{\"@id\":\"https:\/\/ulysseus.eu\/fr\/#\/schema\/logo\/image\/\"}}]}<\/script>\n<!-- \/ Yoast SEO plugin. -->","yoast_head_json":{"title":"Atelier d'\u00e9change sur les politiques publiques alimentaires et le droit \u00e0 l'alimentation en Afrique, en Am\u00e9rique latine et Cara\u00efbes et en Europe : l'exp\u00e9rience des observatoires du droit \u00e0 l'alimentation et leurs possibilit\u00e9s de transfert - Ulysseus","robots":{"index":"index","follow":"follow","max-snippet":"max-snippet:-1","max-image-preview":"max-image-preview:large","max-video-preview":"max-video-preview:-1"},"canonical":"https:\/\/ulysseus.eu\/fr\/events\/atelier-dechange-sur-les-politiques-publiques-alimentaires-et-le-droit-a-lalimentation-en-afrique-en-amerique-latine-et-caraibes-et-en-europe-lexperience-des-observatoires-du-droit-a-lalime\/","og_locale":"fr_FR","og_type":"article","og_title":"Atelier d'\u00e9change sur les politiques publiques alimentaires et le droit \u00e0 l'alimentation en Afrique, en Am\u00e9rique latine et Cara\u00efbes et en Europe : l'exp\u00e9rience des observatoires du droit \u00e0 l'alimentation et leurs possibilit\u00e9s de transfert - Ulysseus","og_url":"https:\/\/ulysseus.eu\/fr\/events\/atelier-dechange-sur-les-politiques-publiques-alimentaires-et-le-droit-a-lalimentation-en-afrique-en-amerique-latine-et-caraibes-et-en-europe-lexperience-des-observatoires-du-droit-a-lalime\/","og_site_name":"Ulysseus","twitter_card":"summary_large_image","schema":{"@context":"https:\/\/schema.org","@graph":[{"@type":"WebPage","@id":"https:\/\/ulysseus.eu\/fr\/events\/atelier-dechange-sur-les-politiques-publiques-alimentaires-et-le-droit-a-lalimentation-en-afrique-en-amerique-latine-et-caraibes-et-en-europe-lexperience-des-observatoires-du-droit-a-lalime\/","url":"https:\/\/ulysseus.eu\/fr\/events\/atelier-dechange-sur-les-politiques-publiques-alimentaires-et-le-droit-a-lalimentation-en-afrique-en-amerique-latine-et-caraibes-et-en-europe-lexperience-des-observatoires-du-droit-a-lalime\/","name":"Atelier d'\u00e9change sur les politiques publiques alimentaires et le droit \u00e0 l'alimentation en Afrique, en Am\u00e9rique latine et Cara\u00efbes et en Europe : l'exp\u00e9rience des observatoires du droit \u00e0 l'alimentation et leurs possibilit\u00e9s de transfert - Ulysseus","isPartOf":{"@id":"https:\/\/ulysseus.eu\/fr\/#website"},"datePublished":"2024-11-27T12:01:18+00:00","inLanguage":"fr-FR","potentialAction":[{"@type":"ReadAction","target":["https:\/\/ulysseus.eu\/fr\/events\/atelier-dechange-sur-les-politiques-publiques-alimentaires-et-le-droit-a-lalimentation-en-afrique-en-amerique-latine-et-caraibes-et-en-europe-lexperience-des-observatoires-du-droit-a-lalime\/"]}]},{"@type":"WebSite","@id":"https:\/\/ulysseus.eu\/fr\/#website","url":"https:\/\/ulysseus.eu\/fr\/","name":"Ulysseus","description":"European University","publisher":{"@id":"https:\/\/ulysseus.eu\/fr\/#organization"},"potentialAction":[{"@type":"SearchAction","target":{"@type":"EntryPoint","urlTemplate":"https:\/\/ulysseus.eu\/fr\/?s={search_term_string}"},"query-input":{"@type":"PropertyValueSpecification","valueRequired":true,"valueName":"search_term_string"}}],"inLanguage":"fr-FR"},{"@type":"Organization","@id":"https:\/\/ulysseus.eu\/fr\/#organization","name":"Ulysseus","alternateName":"European University","url":"https:\/\/ulysseus.eu\/fr\/","logo":{"@type":"ImageObject","inLanguage":"fr-FR","@id":"https:\/\/ulysseus.eu\/fr\/#\/schema\/logo\/image\/","url":"https:\/\/ulysseus.eu\/wp-content\/uploads\/2022\/02\/Ulysseus-Logo-01-MainVersion-2.png","contentUrl":"https:\/\/ulysseus.eu\/wp-content\/uploads\/2022\/02\/Ulysseus-Logo-01-MainVersion-2.png","width":3508,"height":2481,"caption":"Ulysseus"},"image":{"@id":"https:\/\/ulysseus.eu\/fr\/#\/schema\/logo\/image\/"}}]}},"_links":{"self":[{"href":"https:\/\/ulysseus.eu\/fr\/wp-json\/wp\/v2\/event\/77684","targetHints":{"allow":["GET"]}}],"collection":[{"href":"https:\/\/ulysseus.eu\/fr\/wp-json\/wp\/v2\/event"}],"about":[{"href":"https:\/\/ulysseus.eu\/fr\/wp-json\/wp\/v2\/types\/event"}],"version-history":[{"count":0,"href":"https:\/\/ulysseus.eu\/fr\/wp-json\/wp\/v2\/event\/77684\/revisions"}],"wp:attachment":[{"href":"https:\/\/ulysseus.eu\/fr\/wp-json\/wp\/v2\/media?parent=77684"}],"wp:term":[{"taxonomy":"event_planner","embeddable":true,"href":"https:\/\/ulysseus.eu\/fr\/wp-json\/wp\/v2\/event_planner?post=77684"},{"taxonomy":"event_type","embeddable":true,"href":"https:\/\/ulysseus.eu\/fr\/wp-json\/wp\/v2\/event_type?post=77684"},{"taxonomy":"event_typology","embeddable":true,"href":"https:\/\/ulysseus.eu\/fr\/wp-json\/wp\/v2\/event_typology?post=77684"}],"curies":[{"name":"wp","href":"https:\/\/api.w.org\/{rel}","templated":true}]}}

Atelier d&rsquo;échange sur les politiques publiques alimentaires et le droit à l&rsquo;alimentation en Afrique, en Amérique latine et Caraïbes et en Europe : l&rsquo;expérience des observatoires du droit à l&rsquo;alimentation et leurs possibilités de transfert

<!-- This site is optimized with the Yoast SEO plugin v27.1.1 - https://yoast.com/product/yoast-seo-wordpress/ -->
<title>Atelier d&#039;échange sur les politiques publiques alimentaires et le droit à l&#039;alimentation en Afrique, en Amérique latine et Caraïbes et en Europe : l&#039;expérience des observatoires du droit à l&#039;alimentation et leurs possibilités de transfert - Ulysseus</title>
<meta name="robots" content="index, follow, max-snippet:-1, max-image-preview:large, max-video-preview:-1" />
<link rel="canonical" href="https://ulysseus.eu/fr/events/atelier-dechange-sur-les-politiques-publiques-alimentaires-et-le-droit-a-lalimentation-en-afrique-en-amerique-latine-et-caraibes-et-en-europe-lexperience-des-observatoires-du-droit-a-lalime/" />
<meta property="og:locale" content="fr_FR" />
<meta property="og:type" content="article" />
<meta property="og:title" content="Atelier d&#039;échange sur les politiques publiques alimentaires et le droit à l&#039;alimentation en Afrique, en Amérique latine et Caraïbes et en Europe : l&#039;expérience des observatoires du droit à l&#039;alimentation et leurs possibilités de transfert - Ulysseus" />
<meta property="og:url" content="https://ulysseus.eu/fr/events/atelier-dechange-sur-les-politiques-publiques-alimentaires-et-le-droit-a-lalimentation-en-afrique-en-amerique-latine-et-caraibes-et-en-europe-lexperience-des-observatoires-du-droit-a-lalime/" />
<meta property="og:site_name" content="Ulysseus" />
<meta name="twitter:card" content="summary_large_image" />
<script type="application/ld+json" class="yoast-schema-graph">{"@context":"https://schema.org","@graph":[{"@type":"WebPage","@id":"https://ulysseus.eu/fr/events/atelier-dechange-sur-les-politiques-publiques-alimentaires-et-le-droit-a-lalimentation-en-afrique-en-amerique-latine-et-caraibes-et-en-europe-lexperience-des-observatoires-du-droit-a-lalime/","url":"https://ulysseus.eu/fr/events/atelier-dechange-sur-les-politiques-publiques-alimentaires-et-le-droit-a-lalimentation-en-afrique-en-amerique-latine-et-caraibes-et-en-europe-lexperience-des-observatoires-du-droit-a-lalime/","name":"Atelier d'échange sur les politiques publiques alimentaires et le droit à l'alimentation en Afrique, en Amérique latine et Caraïbes et en Europe : l'expérience des observatoires du droit à l'alimentation et leurs possibilités de transfert - Ulysseus","isPartOf":{"@id":"https://ulysseus.eu/fr/#website"},"datePublished":"2024-11-27T12:01:18+00:00","inLanguage":"fr-FR","potentialAction":[{"@type":"ReadAction","target":["https://ulysseus.eu/fr/events/atelier-dechange-sur-les-politiques-publiques-alimentaires-et-le-droit-a-lalimentation-en-afrique-en-amerique-latine-et-caraibes-et-en-europe-lexperience-des-observatoires-du-droit-a-lalime/"]}]},{"@type":"WebSite","@id":"https://ulysseus.eu/fr/#website","url":"https://ulysseus.eu/fr/","name":"Ulysseus","description":"European University","publisher":{"@id":"https://ulysseus.eu/fr/#organization"},"potentialAction":[{"@type":"SearchAction","target":{"@type":"EntryPoint","urlTemplate":"https://ulysseus.eu/fr/?s={search_term_string}"},"query-input":{"@type":"PropertyValueSpecification","valueRequired":true,"valueName":"search_term_string"}}],"inLanguage":"fr-FR"},{"@type":"Organization","@id":"https://ulysseus.eu/fr/#organization","name":"Ulysseus","alternateName":"European University","url":"https://ulysseus.eu/fr/","logo":{"@type":"ImageObject","inLanguage":"fr-FR","@id":"https://ulysseus.eu/fr/#/schema/logo/image/","url":"https://ulysseus.eu/wp-content/uploads/2022/02/Ulysseus-Logo-01-MainVersion-2.png","contentUrl":"https://ulysseus.eu/wp-content/uploads/2022/02/Ulysseus-Logo-01-MainVersion-2.png","width":3508,"height":2481,"caption":"Ulysseus"},"image":{"@id":"https://ulysseus.eu/fr/#/schema/logo/image/"}}]}</script>
<!-- / Yoast SEO plugin. -->

Atelier d'échange sur les politiques publiques alimentaires et le droit à l'alimentation en Afrique, en Amérique latine et Caraïbes et en Europe : l'expérience des observatoires du droit à l'alimentation et leurs possibilités de transfert - Ulysseus
